3 is divided by 52963.
167
What is the remainder when 2664 is divided by 1012?
640
Calculate the remainder when 32990 is divided by 146.
140
Calculate the remainder when 13697 is divided by 241.
201
Calculate the remainder when 320 is divided by 34.
14
Calculate the remainder when 266308 is divided by 45.
43
What is the remainder when 11453 is divided by 191?
184
What is the remainder when 25122 is divided by 37?
36
Calculate the remainder when 16838 is divided by 8374.
90
What is the remainder when 325437 is divided by 40678?
13
What is the remainder when 130738 is divided by 43558?
64
What is the remainder when 505 is divided by 36?
1
What is the remainder when 29997 is divided by 5994?
27
What is the remainder when 3851 is divided by 3835?
16
What is the remainder when 53210 is divided by 73?
66
Calculate the remainder when 133949 is divided by 16743.
5
What is the remainder when 19199 is divided by 620?
599
What is the remainder when 19552 is divided by 4828?
240
Calculate the remainder when 40479 is divided by 19693.
1093
Calculate the remainder when 2913422 is divided by 971139.
5
Calculate the remainder when 11719 is divided by 832.
71
Calculate the remainder when 6544 is divided by 187.
186
What is the remainder when 35940 is divided by 7183?
25
Calculate the remainder when 551 is divided by 282.
269
Calculate the remainder when 1792871 is divided by 358572.
11
Calculate the remainder when 6140 is divided by 2044.
8
Calculate the remainder when 1520672 is divided by 29.
28
What is the remainder when 447719 is divided by 610?
589
What is the remainder when 923815 is divided by 1448?
1439
Calculate the remainder when 36046 is divided by 1802.
6
What is the remainder when 9037 is divided by 820?
17
What is the remainder when 18614 is divided by 196?
190
What is the remainder when 21913022 is divided by 1148?
1146
Calculate the remainder when 21419 is divided by 53.
7
What is the remainder when 2446 is divided by 406?
10
What is the remainder when 5876303 is divided by 84?
83
Calculate the remainder when 15488 is divided by 1188.
44
Calculate the remainder when 30666 is divided by 30654.
12
What is the remainder when 859498 is divided by 12?
10
What is the remainder when 90072 is divided by 126?
108
Calculate the remainder when 1252 is divided by 1161.
91
What is the remainder when 15945 is divided by 111?
72
What is the remainder when 25863 is divided by 35?
33
What is the remainder when 1047 is divided by 173?
9
Calculate the remainder when 1063 is divided by 48.
7
What is the remainder when 13050 is divided by 1352?
882
What is the remainder when 9902 is divided by 1219?
150
What is the remainder when 23011 is divided by 253?
241
Calculate the remainder when 34580 is divided by 524.
520
What is the remainder when 36532 is divided by 36?
28
Calculate the remainder when 15425 is divided by 109.
56
Calculate the remainder when 1642881 is divided by 948.
945
What is the remainder when 681 is divided by 270?
141
What is the remainder when 72358 is divided by 21?
13
What is the remainder when 9967 is divided by 222?
199
Calculate the remainder when 430 is divided by 45.
25
What is the remainder when 96826 is divided by 7447?
15
What is the remainder when 3826 is divided by 707?
291
Calculate the remainder when 22529 is divided by 37.
33
Calculate the remainder when 11484 is divided by 3675.
459
What is the remainder when 185116 is divided by 19?
18
Calculate the remainder when 470877 is divided by 117716.
13
What is the remainder when 1167 is divided by 542?
83
What is the remainder when 57963 is divided by 3434?
3019
What is the remainder when 360820 is divided by 1909?
19
Calculate the remainder when 209199 is divided by 41838.
9
What is the remainder when 13215 is divided by 439?
45
What is the remainder when 1477 is divided by 493?
491
Calculate the remainder when 24919 is divided by 1928.
1783
Calculate the remainder when 13749 is divided by 127.
33
Calculate the remainder when 653 is divided by 112.
93
Calculate the remainder when 186262 is divided by 15.
7
What is the remainder when 7114 is divided by 1760?
74
Calculate the remainder when 1027075 is divided by 157.
138
Calculate the remainder when 35405 is divided by 57.
8
Calculate the remainder when 18620 is divided by 748.
668
Calculate the remainder when 1750 is divided by 136.
118
What is the remainder when 33928 is divided by 58?
56
Calculate the remainder when 2903 is divided by 43.
22
What is the remainder when 40896 is divided by 22?
20
Calculate the remainder when 169020 is divided by 406.
124
What is the remainder when 1181 is divided by 33?
26
Calculate the remainder when 39455 is divided by 1461.
8
Calculate the remainder when 5212 is divided by 5160.
52
Calculate the remainder when 999 is divided by 123.
15
What is the remainder when 1715419 is divided by 20?
19
Calculate the remainder when 874598 is divided by 724.
6
What is the remainder when 2498 is divided by 50?
48
Calculate the remainder when 189862 is divided by 18.
16
Calculate the remainder when 16082 is divided by 105.
17
What is the remainder when 2582554 is divided by 228?
226
What is the remainder when 1631 is divided by 525?
56
What is the remainder when 5608 is divided by 1866?
10
What is the remainder when 15168 is divided by 370?
368
Calculate the remainder when 11093 is divided by 209.
16
What is the remainder when 20364 is divided by 364?
344
Calculate the remainder when 39099 is divided by 1994.
1213
What is the remainder when 108 is divided by 44?
20
Calculate the remainder when 25066 is divided by 160.
106
Calculate the remainder when 912112 is divided by 798.
796
Calculate the remainder when 111362 is divided by 1503.
140
What is the remainder when 28208 is divided by 121?
15
Calculate the remainder when 3991 is divided by 839.
635
What is the remainder when 11973 is divided by 69?
36
What is the remainder when 71966 is divided by 21?
20
Calculate the remainder when 405 is divided by 75.
30
Calculate the remainder when 3615 is divided by 93.
81
What is the remainder when 48860 is divided by 4886?
0
What is the remainder when 13071 is divided by 967?
500
What is the remainder when 331804 is divided by 5351?
42
What is the remainder when 14616 is divided by 3653?
4
Calculate the remainder when 27793 is divided by 53.
21
Calculate the remainder when 96792 is divided by 51.
45
Calculate the remainder when 384 is divided by 204.
180
What is the remainder when 36989 is divided by 2?
1
Calculate the remainder when 1273 is divided by 658.
615
Calculate the remainder when 95302 is divided by 7.
4
Calculate the remainder when 6462 is divided by 2049.
315
What is the remainder when 22160 is divided by 7382?
14
What is the remainder when 18465 is divided by 33?
18
Calculate the remainder when 20511 is divided by 6829.
24
What is the remainder when 170384 is divided by 12170?
4
What is the remainder when 28110 is divided by 14?
12
What is the remainder when 68029 is divided by 22675?
4
What is the remainder when 122475 is divided by 268?
267
What is the remainder when 193648 is divided by 388?
36
Calculate the remainder when 15260 is divided by 166.
154
Calculate the remainder when 49350 is divided by 667.
659
What is the remainder when 271105 is divided by 1102?
13
Calculate the remainder when 152963 is divided by 34.
31
What is the remainder when 23448 is divided by 255?
243
Calculate the remainder when 21919 is divided by 539.
359
Calculate the remainder when 41274 is divided by 626.
584
What is the remainder when 4073 is divided by 237?
44
Calculate the remainder when 3909398 is divided by 161.
157
What is the remainder when 45472 is divided by 341?
119
What is the remainder when 894 is divided by 746?
148
What is the remainder when 115807 is divided by 16?
15
What is the remainder when 88975 is divided by 392?
383
Calculate the remainder when 1108941 is divided by 453.
450
What is the remainder when 35477 is divided by 162?
161
What is the remainder when 42741 is divided by 2372?
45
What is the remainder when 2977 is divided by 292?
57
Calculate the remainder when 1902 is divided by 465.
42
What is the remainder when 83156 is divided by 84?
80
Calculate the remainder when 20154 is divided by 420.
414
C